s the greatest common factor of 23 and 1081?
23
What is the highest common divisor of 15 and 1680?
15
What is the highest common factor of 41 and 656?
41
Calculate the highest common factor of 9202 and 86.
86
What is the highest common factor of 161 and 851?
23
What is the highest common factor of 6275 and 3263?
251
Calculate the greatest common factor of 36 and 1464.
12
What is the greatest common divisor of 1 and 11?
1
What is the greatest common factor of 18 and 2034?
18
Calculate the highest common divisor of 57354 and 33.
33
Calculate the highest common factor of 1034 and 846.
94
Calculate the highest common divisor of 357 and 1173.
51
Calculate the greatest common factor of 56 and 791.
7
What is the greatest common factor of 51 and 119?
17
What is the highest common divisor of 148 and 18796?
148
What is the highest common divisor of 30 and 314?
2
What is the highest common factor of 60 and 1575?
15
Calculate the highest common factor of 144 and 752.
16
What is the highest common divisor of 83 and 26975?
83
Calculate the greatest common factor of 49 and 49.
49
Calculate the highest common divisor of 9268 and 28.
28
Calculate the greatest common factor of 588 and 812.
28
Calculate the greatest common divisor of 160 and 500.
20
Calculate the greatest common divisor of 1696 and 53.
53
What is the greatest common factor of 1722 and 3066?
42
Calculate the greatest common factor of 104 and 26.
26
Calculate the greatest common factor of 1413 and 171.
9
Calculate the greatest common factor of 220 and 704.
44
What is the highest common factor of 144 and 20232?
72
What is the highest common factor of 231 and 21?
21
Calculate the highest common divisor of 58 and 754.
58
Calculate the greatest common factor of 2548 and 140.
28
Calculate the greatest common divisor of 2550 and 714.
102
Calculate the greatest common divisor of 1007 and 53.
53
What is the highest common divisor of 350 and 42?
14
What is the highest common factor of 230 and 10?
10
Calculate the highest common factor of 126 and 306.
18
What is the greatest common factor of 58 and 2?
2
Calculate the highest common divisor of 169 and 117.
13
Calculate the greatest common factor of 26 and 663.
13
What is the greatest common divisor of 18 and 12582?
18
What is the greatest common divisor of 6 and 282?
6
What is the greatest common factor of 935 and 165?
55
What is the highest common divisor of 45 and 7065?
45
Calculate the highest common factor of 8 and 32.
8
Calculate the highest common divisor of 270 and 74520.
270
Calculate the greatest common divisor of 4 and 124.
4
What is the highest common factor of 55 and 27863?
11
What is the highest common factor of 19 and 5225?
19
Calculate the highest common factor of 18 and 90.
18
What is the greatest common factor of 544 and 204?
68
What is the highest common divisor of 1110 and 12?
6
Calculate the greatest common divisor of 22 and 704.
22
What is the highest common divisor of 551 and 58?
29
What is the highest common divisor of 8939 and 7?
7
What is the highest common divisor of 66 and 22?
22
What is the greatest common divisor of 583 and 212?
53
Calculate the greatest common factor of 84 and 105.
21
What is the highest common factor of 57 and 57?
57
What is the greatest common divisor of 8 and 10120?
8
Calculate the greatest common divisor of 38 and 1026.
38
What is the highest common divisor of 13764 and 124?
124
What is the greatest common factor of 42 and 6552?
42
Calculate the highest common factor of 24 and 21.
3
Calculate the greatest common factor of 13 and 9334.
13
What is the greatest common divisor of 112 and 826?
14
What is the highest common factor of 146 and 1606?
146
What is the highest common factor of 606 and 7575?
303
What is the highest common divisor of 1557 and 9?
9
Calculate the highest common divisor of 356 and 2.
2
What is the highest common divisor of 35 and 5?
5
Calculate the highest common factor of 638 and 44.
22
Calculate the greatest common divisor of 66 and 110.
22
What is the highest common factor of 15 and 6?
3
What is the highest common divisor of 46 and 6?
2
What is the greatest common divisor of 68 and 11764?
68
Calculate the greatest common factor of 12 and 508.
4
What is the highest common factor of 44 and 330?
22
Calculate the greatest common divisor of 273 and 1274.
91
Calculate the greatest common factor of 15 and 3.
3
What is the greatest common factor of 120 and 60?
60
Calculate the highest common factor of 2070 and 60.
30
What is the highest common factor of 26 and 832?
26
Calculate the highest common factor of 10 and 38.
2
What is the highest common divisor of 3792 and 2607?
237
What is the greatest common divisor of 84 and 324?
12
Calculate the highest common divisor of 110 and 11770.
110
What is the highest common divisor of 32 and 21872?
16
Calculate the greatest common factor of 28 and 1022.
14
What is the greatest common divisor of 1089 and 11?
11
Calculate the greatest common divisor of 1369 and 37.
37
What is the highest common factor of 3500 and 70?
70
Calculate the greatest common factor of 22 and 2.
2
Calculate the highest common divisor of 112 and 616.
56
Calculate the highest common divisor of 649 and 187.
11
Calculate the greatest common divisor of 86 and 43.
43
Calculate the greatest common factor of 169 and 26.
13
Calculate the highest common factor of 184 and 322.
46
Calculate the greatest common divisor of 55 and 1199.
11
What is the highest common factor of 495 and 7755?
165
What is the highest common divisor of 51 and 2193?
51
What is the highest common divisor of 12293 and 19?
19
What is the highest common divisor of 1034 and 154?
22
What is the greatest common factor of 109177 and 43?
43
Calculate the highest common factor of 188 and 68.
4
What is the greatest common factor of 112 and 2464?
112
What is the greatest common factor of 765 and 85?
85
What is the greatest common factor of 69 and 46?
23
What is the highest common divisor of 12 and 15?
3
Calculate the highest common divisor of 8 and 2056.
8
Calculate the greatest common divisor of 2077 and 62.
31
What is the greatest common factor of 712 and 8?
8
Calculate the highest common factor of 58 and 145.
29
What is the highest common factor of 56 and 56?
56
What is the greatest common factor of 1067 and 11?
11
Calculate the greatest common divisor of 11508 and 252.
84
What is the greatest common factor of 299 and 46?
23
What is the greatest common factor of 35156 and 66?
22
What is the highest common factor of 22 and 33?
11
What is the greatest common factor of 49 and 6713?
49
What is the greatest common divisor of 8 and 116?
4
What is the greatest common divisor of 3604 and 187?
17
Calculate the greatest common divisor of 99 and 55.
11
What is the highest common divisor of 296 and 74?
74
Calculate the highest common divisor of 3784 and 616.
88
What is the greatest common factor of 742 and 636?
106
What is the greatest common divisor of 240 and 336?
48
What is the greatest common factor of 140 and 2030?
70
What is the greatest common divisor of 540 and 250?
10
What is the greatest common divisor of 1408 and 253?
11
What is the highest common factor of 9595 and 380?
95
What is the highest common divisor of 1377 and 13311?
459
Calculate the highest common factor of 6 and 2082.
6
Calculate the highest common factor of 3731 and 819.
91
Calculate the greatest common factor of 42014 and 14.
14
Calculate the greatest common divisor of 462 and 84.
42
Calculate the greatest common divisor of 6 and 512.
2
What is the highest common divisor of 58 and 841?
29
Calculate the greatest common factor of 1802 and 34.
34
Calculate the highest common factor of 174 and 1856.
58
What is the greatest common factor of 24 and 800?
8
Calculate the highest common factor of 708 and 12.
12
Calculate the greatest common divisor of 414 and 598.
46
What is the greatest common divisor of 1703 and 524?
131
Calculate the greatest common divisor of 152 and 4598.
38
Calculate the highest common divisor of 144 and 198.
18
Calculate the highest common factor of 4839 and 15.
3
Calculate the greatest common divisor of 7 and 67.
1
Calculate the greatest common divisor of 56 and 364.
28
Calculate the greatest common factor of 441 and 392.
49
Calculate the greatest 